{"id":627,"date":"2025-12-24T13:08:58","date_gmt":"2025-12-24T12:08:58","guid":{"rendered":"https:\/\/mafatec.com\/preprod\/?page_id=627"},"modified":"2025-12-26T17:43:07","modified_gmt":"2025-12-26T16:43:07","slug":"installation-solaire-rge","status":"publish","type":"page","link":"https:\/\/mafatec.com\/preprod\/installation-solaire-rge\/","title":{"rendered":"Installation Solaire RGE"},"content":{"rendered":"\t\t<div data-elementor-type=\"wp-page\" data-elementor-id=\"627\" class=\"elementor elementor-627\">\n\t\t\t\t<div class=\"elementor-element elementor-element-a93112b v-center-cols e-flex e-con-boxed e-con e-parent\" data-id=\"a93112b\" data-element_type=\"container\">\n\t\t\t\t\t<div class=\"e-con-inner\">\n\t\t<div class=\"elementor-element elementor-element-ec20348 e-con-full e-flex e-con e-child\" data-id=\"ec20348\" data-element_type=\"container\">\n\t\t\t\t<div class=\"elementor-element elementor-element-a3a41d4 elementor-widget elementor-widget-image\" data-id=\"a3a41d4\" data-element_type=\"widget\" data-widget_type=\"image.default\">\n\t\t\t\t\t\t\t\t\t\t\t\t\t\t\t<img fetchpriority=\"high\" decoding=\"async\" width=\"1024\" height=\"1536\" src=\"https:\/\/mafatec.com\/preprod\/wp-content\/uploads\/2025\/12\/installation-solaire-rge.jpg\" class=\"attachment-full size-full wp-image-637\" alt=\"MAFATEC - Installation Solaire RGE\" srcset=\"https:\/\/mafatec.com\/preprod\/wp-content\/uploads\/2025\/12\/installation-solaire-rge.jpg 1024w, https:\/\/mafatec.com\/preprod\/wp-content\/uploads\/2025\/12\/installation-solaire-rge-200x300.jpg 200w, https:\/\/mafatec.com\/preprod\/wp-content\/uploads\/2025\/12\/installation-solaire-rge-683x1024.jpg 683w, https:\/\/mafatec.com\/preprod\/wp-content\/uploads\/2025\/12\/installation-solaire-rge-768x1152.jpg 768w, https:\/\/mafatec.com\/preprod\/wp-content\/uploads\/2025\/12\/installation-solaire-rge-600x900.jpg 600w\" sizes=\"(max-width: 1024px) 100vw, 1024px\" \/>\t\t\t\t\t\t\t\t\t\t\t\t\t\t\t<\/div>\n\t\t\t\t<\/div>\n\t\t<div class=\"elementor-element elementor-element-c4c6a30 e-con-full e-flex e-con e-child\" data-id=\"c4c6a30\" data-element_type=\"container\">\n\t\t\t\t<div class=\"elementor-element elementor-element-c693706 elementor-widget elementor-widget-text-editor\" data-id=\"c693706\" data-element_type=\"widget\" data-widget_type=\"text-editor.default\">\n\t\t\t\t\t\t\t\t\t<h2><strong>Expertise Photovolta\u00efque Haute Performance \u2013 Certifi\u00e9e RGE &amp; Qualifelec<\/strong><\/h2><p>Transformez votre toiture en <strong>source d\u2019\u00e9nergie rentable et durable<\/strong>.<br \/>Avec <strong>MAFATEC<\/strong>, b\u00e9n\u00e9ficiez d\u2019une <strong>installation solaire RGE cl\u00e9 en main<\/strong>, certifi\u00e9e, performante et pens\u00e9e pour r\u00e9duire durablement vos factures.<\/p><p>Passer au photovolta\u00efque est un <strong>investissement strat\u00e9gique pour votre patrimoine<\/strong>. Chez <strong>MAFATEC<\/strong>, nous ne posons pas simplement des panneaux : nous concevons de v\u00e9ritables <strong>centrales \u00e9nerg\u00e9tiques haute performance<\/strong>, adapt\u00e9es \u00e0 votre b\u00e2timent, \u00e0 vos usages et \u00e0 vos objectifs financiers.<\/p><p>Notre diff\u00e9rence repose sur trois piliers essentiels :<\/p><ul><li><span style=\"color: #434394;\"><strong>Expertise d\u2019ing\u00e9nierie<\/strong><\/span> : chaque projet d\u00e9bute par une \u00e9tude d\u2019implantation pr\u00e9cise et r\u00e9aliste.<\/li><li><span style=\"color: #434394;\"><strong>Performance maximale<\/strong><\/span> : chaque m\u00b2 est optimis\u00e9 pour garantir le meilleur rendement solaire.<\/li><li><span style=\"color: #434394;\"><strong>Accompagnement A \u00e0 Z<\/strong><\/span> : de l\u2019\u00e9tude initiale \u00e0 l\u2019obtention des aides, nous g\u00e9rons l\u2019int\u00e9gralit\u00e9 du projet.<\/li><\/ul>\t\t\t\t\t\t\t\t<\/div>\n\t\t\t\t<\/div>\n\t\t\t\t\t<\/div>\n\t\t\t\t<\/div>\n\t\t<div class=\"elementor-element elementor-element-745e652 v-center-cols e-flex e-con-boxed e-con e-parent\" data-id=\"745e652\" data-element_type=\"container\" data-settings=\"{&quot;background_background&quot;:&quot;classic&quot;}\">\n\t\t\t\t\t<div class=\"e-con-inner\">\n\t\t<div class=\"elementor-element elementor-element-1e57343 e-con-full e-flex e-con e-child\" data-id=\"1e57343\" data-element_type=\"container\">\n\t\t\t\t<div class=\"elementor-element elementor-element-ae204bd elementor-widget elementor-widget-text-editor\" data-id=\"ae204bd\" data-element_type=\"widget\" data-widget_type=\"text-editor.default\">\n\t\t\t\t\t\t\t\t\t<h2>Certifications Qualifelec &amp; RGE<\/h2><h3>Votre garantie de s\u00e9curit\u00e9, de performance et de rentabilit\u00e9<\/h3><p>La r\u00e9ussite d\u2019un projet solaire repose sur la comp\u00e9tence de l\u2019installateur.<br \/>MAFATEC d\u00e9tient les <strong>labels les plus exigeants du secteur<\/strong> :<\/p><ul><li><span style=\"color: #434394;\"><strong>Qualifelec<\/strong><\/span><br \/>Le label de r\u00e9f\u00e9rence de l\u2019excellence \u00e9lectrique. Il certifie la s\u00e9curit\u00e9, la conformit\u00e9 et la fiabilit\u00e9 de votre installation photovolta\u00efque.<\/li><li><span style=\"color: #434394;\"><strong>RGE \u2013 Reconnu Garant de l\u2019Environnement<\/strong><\/span><br \/>Indispensable pour acc\u00e9der aux <strong>aides de l\u2019\u00c9tat<\/strong> (prime \u00e0 l\u2019autoconsommation, TVA r\u00e9duite, dispositifs financiers).<\/li><\/ul><p>En choisissant MAFATEC, vous faites appel \u00e0 un <strong>installateur solaire RGE reconnu et certifi\u00e9<\/strong><\/p>\t\t\t\t\t\t\t\t<\/div>\n\t\t\t\t<\/div>\n\t\t<div class=\"elementor-element elementor-element-728e8c3 e-con-full e-flex e-con e-child\" data-id=\"728e8c3\" data-element_type=\"container\">\n\t\t\t\t<div class=\"elementor-element elementor-element-f311529 elementor-widget elementor-widget-image\" data-id=\"f311529\" data-element_type=\"widget\" data-widget_type=\"image.default\">\n\t\t\t\t\t\t\t\t\t\t\t\t\t\t\t<img decoding=\"async\" width=\"1536\" height=\"1024\" src=\"https:\/\/mafatec.com\/preprod\/wp-content\/uploads\/2025\/12\/qualifelec-rge.png\" class=\"attachment-full size-full wp-image-647\" alt=\"MAFATEC - Certifications Qualifelec &amp; RGE\" srcset=\"https:\/\/mafatec.com\/preprod\/wp-content\/uploads\/2025\/12\/qualifelec-rge.png 1536w, https:\/\/mafatec.com\/preprod\/wp-content\/uploads\/2025\/12\/qualifelec-rge-300x200.png 300w, https:\/\/mafatec.com\/preprod\/wp-content\/uploads\/2025\/12\/qualifelec-rge-1024x683.png 1024w, https:\/\/mafatec.com\/preprod\/wp-content\/uploads\/2025\/12\/qualifelec-rge-768x512.png 768w, https:\/\/mafatec.com\/preprod\/wp-content\/uploads\/2025\/12\/qualifelec-rge-600x400.png 600w\" sizes=\"(max-width: 1536px) 100vw, 1536px\" \/>\t\t\t\t\t\t\t\t\t\t\t\t\t\t\t<\/div>\n\t\t\t\t<\/div>\n\t\t\t\t\t<\/div>\n\t\t\t\t<\/div>\n\t\t<div class=\"elementor-element elementor-element-6b9f59a v-center-cols e-flex e-con-boxed e-con e-parent\" data-id=\"6b9f59a\" data-element_type=\"container\">\n\t\t\t\t\t<div class=\"e-con-inner\">\n\t\t<div class=\"elementor-element elementor-element-35234cc e-con-full e-flex e-con e-child\" data-id=\"35234cc\" data-element_type=\"container\">\n\t\t\t\t<div class=\"elementor-element elementor-element-e1c7dd3 elementor-widget elementor-widget-image\" data-id=\"e1c7dd3\" data-element_type=\"widget\" data-widget_type=\"image.default\">\n\t\t\t\t\t\t\t\t\t\t\t\t\t\t\t<img decoding=\"async\" width=\"1024\" height=\"1536\" src=\"https:\/\/mafatec.com\/preprod\/wp-content\/uploads\/2025\/12\/installation.png\" class=\"attachment-full size-full wp-image-657\" alt=\"MAFATEC - une solution compl\u00e8te pour votre autonomie \u00e9nerg\u00e9tique\" srcset=\"https:\/\/mafatec.com\/preprod\/wp-content\/uploads\/2025\/12\/installation.png 1024w, https:\/\/mafatec.com\/preprod\/wp-content\/uploads\/2025\/12\/installation-200x300.png 200w, https:\/\/mafatec.com\/preprod\/wp-content\/uploads\/2025\/12\/installation-683x1024.png 683w, https:\/\/mafatec.com\/preprod\/wp-content\/uploads\/2025\/12\/installation-768x1152.png 768w, https:\/\/mafatec.com\/preprod\/wp-content\/uploads\/2025\/12\/installation-600x900.png 600w\" sizes=\"(max-width: 1024px) 100vw, 1024px\" \/>\t\t\t\t\t\t\t\t\t\t\t\t\t\t\t<\/div>\n\t\t\t\t<div class=\"elementor-element elementor-element-a495a4d elementor-widget elementor-widget-image\" data-id=\"a495a4d\" data-element_type=\"widget\" data-widget_type=\"image.default\">\n\t\t\t\t\t\t\t\t\t\t\t\t\t\t\t<img loading=\"lazy\" decoding=\"async\" width=\"1536\" height=\"1024\" src=\"https:\/\/mafatec.com\/preprod\/wp-content\/uploads\/2025\/12\/remise-en-conformite.png\" class=\"attachment-full size-full wp-image-662\" alt=\"MAFATEC - une solution compl\u00e8te pour votre autonomie \u00e9nerg\u00e9tique\" srcset=\"https:\/\/mafatec.com\/preprod\/wp-content\/uploads\/2025\/12\/remise-en-conformite.png 1536w, https:\/\/mafatec.com\/preprod\/wp-content\/uploads\/2025\/12\/remise-en-conformite-300x200.png 300w, https:\/\/mafatec.com\/preprod\/wp-content\/uploads\/2025\/12\/remise-en-conformite-1024x683.png 1024w, https:\/\/mafatec.com\/preprod\/wp-content\/uploads\/2025\/12\/remise-en-conformite-768x512.png 768w, https:\/\/mafatec.com\/preprod\/wp-content\/uploads\/2025\/12\/remise-en-conformite-600x400.png 600w\" sizes=\"(max-width: 1536px) 100vw, 1536px\" \/>\t\t\t\t\t\t\t\t\t\t\t\t\t\t\t<\/div>\n\t\t\t\t<\/div>\n\t\t<div class=\"elementor-element elementor-element-dc96eb0 e-con-full e-flex e-con e-child\" data-id=\"dc96eb0\" data-element_type=\"container\">\n\t\t\t\t<div class=\"elementor-element elementor-element-fd37594 elementor-widget elementor-widget-text-editor\" data-id=\"fd37594\" data-element_type=\"widget\" data-widget_type=\"text-editor.default\">\n\t\t\t\t\t\t\t\t\t<h2>Nos services : une solution compl\u00e8te pour votre autonomie \u00e9nerg\u00e9tique<\/h2><h3>1. Installation Solaire RGE cl\u00e9 en main<\/h3><p>Nous installons des syst\u00e8mes photovolta\u00efques intelligents, performants et durables.<br \/>Nos techniciens qualifi\u00e9s assurent une pose <strong>rapide, esth\u00e9tique et conforme aux normes<\/strong>.<\/p><p><strong>Le + MAFATEC :<\/strong> Nous prenons en charge l\u2019int\u00e9gralit\u00e9 de votre <strong>dossier administratif<\/strong> pour s\u00e9curiser vos primes et aides.<\/p><h3>2. Remise en conformit\u00e9 &amp; audit de s\u00e9curit\u00e9<\/h3><p>Votre installation solaire existe d\u00e9j\u00e0 ou pr\u00e9sente des dysfonctionnements ?<br \/>Nos experts interviennent pour :<\/p><ul><li>corriger les non-conformit\u00e9s,<\/li><li>s\u00e9curiser les \u00e9quipements,<\/li><li>restaurer ou am\u00e9liorer la performance globale.<\/li><\/ul><p>Ne laissez pas une installation mal con\u00e7ue nuire \u00e0 votre rentabilit\u00e9.<\/p><h3>3. Pr\u00e9-visite Consuel : z\u00e9ro stress, z\u00e9ro rejet<\/h3><p>Le passage du <strong>Consuel<\/strong> est une \u00e9tape cl\u00e9.<br \/>MAFATEC r\u00e9alise un <strong>audit complet en amont<\/strong> pour garantir une validation du premier coup, sans retard ni surco\u00fbt.<\/p><h3>4. Maintenance &amp; SAV premium<\/h3><p>Une installation entretenue, c\u2019est jusqu\u2019\u00e0 <strong>15 % de production suppl\u00e9mentaire par an<\/strong>.<br \/>Chez <strong>MAFATEC<\/strong>, nous assurons un <strong>suivi technique r\u00e9actif et fiable<\/strong>, pour pr\u00e9server la performance de votre installation sur le long terme.<\/p>\t\t\t\t\t\t\t\t<\/div>\n\t\t\t\t<\/div>\n\t\t\t\t\t<\/div>\n\t\t\t\t<\/div>\n\t\t<div class=\"elementor-element elementor-element-5d6e917 v-center-cols e-flex e-con-boxed e-con e-parent\" data-id=\"5d6e917\" data-element_type=\"container\" data-settings=\"{&quot;background_background&quot;:&quot;classic&quot;}\">\n\t\t\t\t\t<div class=\"e-con-inner\">\n\t\t<div class=\"elementor-element elementor-element-1252567 e-con-full e-flex e-con e-child\" data-id=\"1252567\" data-element_type=\"container\">\n\t\t\t\t<div class=\"elementor-element elementor-element-f5144c4 elementor-widget elementor-widget-text-editor\" data-id=\"f5144c4\" data-element_type=\"widget\" data-widget_type=\"text-editor.default\">\n\t\t\t\t\t\t\t\t\t<h2>\u00c9tude de production solaire gratuite<\/h2><h3>D\u00e9couvrez votre potentiel r\u00e9el avant de d\u00e9cider<\/h3><p>Chaque maison est unique. Avant d\u2019investir, obtenez des <strong>chiffres concrets et fiables<\/strong>.<\/p><p>Notre \u00e9tude de production <strong>Gratuite, sans engagement<\/strong> inclut :<\/p><ul><li>analyse pr\u00e9cise de l\u2019ensoleillement,<\/li><li>estimation du gain annuel (kWh &amp; \u20ac),<\/li><li>calcul du temps d\u2019amortissement r\u00e9el.<\/li><\/ul>\t\t\t\t\t\t\t\t<\/div>\n\t\t\t\t<div class=\"elementor-element elementor-element-313e227 bouton-rouge elementor-widget elementor-widget-button\" data-id=\"313e227\" data-element_type=\"widget\" data-widget_type=\"button.default\">\n\t\t\t\t\t\t\t\t\t\t<a class=\"elementor-button elementor-button-link elementor-size-sm\" href=\"https:\/\/mafatec.com\/preprod\/contact\/\" target=\"_blank\">\n\t\t\t\t\t\t<span class=\"elementor-button-content-wrapper\">\n\t\t\t\t\t\t\t\t\t<span class=\"elementor-button-text\">\u00c9tude de production gratuite<\/span>\n\t\t\t\t\t<\/span>\n\t\t\t\t\t<\/a>\n\t\t\t\t\t\t\t\t<\/div>\n\t\t\t\t<\/div>\n\t\t<div class=\"elementor-element elementor-element-cdcd5d0 e-con-full e-flex e-con e-child\" data-id=\"cdcd5d0\" data-element_type=\"container\">\n\t\t\t\t<div class=\"elementor-element elementor-element-42dd724 elementor-widget elementor-widget-image\" data-id=\"42dd724\" data-element_type=\"widget\" data-widget_type=\"image.default\">\n\t\t\t\t\t\t\t\t\t\t\t\t\t\t\t<img loading=\"lazy\" decoding=\"async\" width=\"1536\" height=\"1024\" src=\"https:\/\/mafatec.com\/preprod\/wp-content\/uploads\/2025\/12\/etude-de-production-gratuite.png\" class=\"attachment-full size-full wp-image-678\" alt=\"MAFATEC -\u00c9tude de production solaire gratuite\" srcset=\"https:\/\/mafatec.com\/preprod\/wp-content\/uploads\/2025\/12\/etude-de-production-gratuite.png 1536w, https:\/\/mafatec.com\/preprod\/wp-content\/uploads\/2025\/12\/etude-de-production-gratuite-300x200.png 300w, https:\/\/mafatec.com\/preprod\/wp-content\/uploads\/2025\/12\/etude-de-production-gratuite-1024x683.png 1024w, https:\/\/mafatec.com\/preprod\/wp-content\/uploads\/2025\/12\/etude-de-production-gratuite-768x512.png 768w, https:\/\/mafatec.com\/preprod\/wp-content\/uploads\/2025\/12\/etude-de-production-gratuite-600x400.png 600w\" sizes=\"(max-width: 1536px) 100vw, 1536px\" \/>\t\t\t\t\t\t\t\t\t\t\t\t\t\t\t<\/div>\n\t\t\t\t<\/div>\n\t\t\t\t\t<\/div>\n\t\t\t\t<\/div>\n\t\t<div class=\"elementor-element elementor-element-38774dd6 v-center-cols e-flex e-con-boxed e-con e-parent\" data-id=\"38774dd6\" data-element_type=\"container\">\n\t\t\t\t\t<div class=\"e-con-inner\">\n\t\t<div class=\"elementor-element elementor-element-77f01a10 e-con-full e-flex e-con e-child\" data-id=\"77f01a10\" data-element_type=\"container\">\n\t\t\t\t<div class=\"elementor-element elementor-element-28242df2 elementor-widget elementor-widget-image\" data-id=\"28242df2\" data-element_type=\"widget\" data-widget_type=\"image.default\">\n\t\t\t\t\t\t\t\t\t\t\t\t\t\t\t<img loading=\"lazy\" decoding=\"async\" width=\"1536\" height=\"1024\" src=\"https:\/\/mafatec.com\/preprod\/wp-content\/uploads\/2025\/12\/Financement.png\" class=\"attachment-full size-full wp-image-601\" alt=\"MAFATEC - Fianancement\" srcset=\"https:\/\/mafatec.com\/preprod\/wp-content\/uploads\/2025\/12\/Financement.png 1536w, https:\/\/mafatec.com\/preprod\/wp-content\/uploads\/2025\/12\/Financement-300x200.png 300w, https:\/\/mafatec.com\/preprod\/wp-content\/uploads\/2025\/12\/Financement-1024x683.png 1024w, https:\/\/mafatec.com\/preprod\/wp-content\/uploads\/2025\/12\/Financement-768x512.png 768w, https:\/\/mafatec.com\/preprod\/wp-content\/uploads\/2025\/12\/Financement-600x400.png 600w\" sizes=\"(max-width: 1536px) 100vw, 1536px\" \/>\t\t\t\t\t\t\t\t\t\t\t\t\t\t\t<\/div>\n\t\t\t\t<\/div>\n\t\t<div class=\"elementor-element elementor-element-760d562d e-con-full e-flex e-con e-child\" data-id=\"760d562d\" data-element_type=\"container\">\n\t\t\t\t<div class=\"elementor-element elementor-element-403f689e elementor-widget elementor-widget-text-editor\" data-id=\"403f689e\" data-element_type=\"widget\" data-widget_type=\"text-editor.default\">\n\t\t\t\t\t\t\t\t\t<h2>Financement MAFATEC<\/h2><h3>Votre transition \u00e9nerg\u00e9tique, sans compromis<\/h3><p>Parce que le budget ne doit jamais freiner l\u2019acc\u00e8s \u00e0 une \u00e9nergie ma\u00eetris\u00e9e, <strong>MAFATEC a structur\u00e9 des solutions de financement claires, rapides et s\u00e9curis\u00e9es<\/strong>, sp\u00e9cialement pens\u00e9es pour les particuliers et les professionnels.<\/p><ul><li><span style=\"color: #434394;\"><strong>Exp\u00e9rience fluide<\/strong><\/span> : nous r\u00e9alisons la demande de financement pour vous<\/li><li><span style=\"color: #434394;\"><strong>Mensualit\u00e9s adapt\u00e9es<\/strong><\/span> : \u00e9talez le co\u00fbt de votre installation en toute s\u00e9r\u00e9nit\u00e9<\/li><li><span style=\"color: #434394;\"><strong>Traitement prioritaire<\/strong> :<\/span> d\u00e9marrage rapide des travaux<\/li><li><span style=\"color: #434394;\"><strong>Z\u00e9ro stress<\/strong> <\/span>: transparence totale, sans frais cach\u00e9s<\/li><\/ul><p>R\u00e9sultat : <strong>un projet imm\u00e9diatement rentable, sans pression financi\u00e8re<\/strong>.<\/p>\t\t\t\t\t\t\t\t<\/div>\n\t\t\t\t<div class=\"elementor-element elementor-element-79ec1c5 bouton-rouge elementor-align-right elementor-widget elementor-widget-button\" data-id=\"79ec1c5\" data-element_type=\"widget\" data-widget_type=\"button.default\">\n\t\t\t\t\t\t\t\t\t\t<a class=\"elementor-button elementor-button-link elementor-size-sm\" href=\"https:\/\/mafatec.com\/preprod\/contact\/\" target=\"_blank\">\n\t\t\t\t\t\t<span class=\"elementor-button-content-wrapper\">\n\t\t\t\t\t\t\t\t\t<span class=\"elementor-button-text\">Je demande mon financement <\/span>\n\t\t\t\t\t<\/span>\n\t\t\t\t\t<\/a>\n\t\t\t\t\t\t\t\t<\/div>\n\t\t\t\t<\/div>\n\t\t\t\t\t<\/div>\n\t\t\t\t<\/div>\n\t\t<div class=\"elementor-element elementor-element-719d3fa1 v-center-cols e-flex e-con-boxed e-con e-parent\" data-id=\"719d3fa1\" data-element_type=\"container\" data-settings=\"{&quot;background_background&quot;:&quot;classic&quot;}\">\n\t\t\t\t\t<div class=\"e-con-inner\">\n\t\t<div class=\"elementor-element elementor-element-1c61aa24 e-con-full e-flex e-con e-child\" data-id=\"1c61aa24\" data-element_type=\"container\">\n\t\t\t\t<div class=\"elementor-element elementor-element-864ebe5 elementor-widget elementor-widget-text-editor\" data-id=\"864ebe5\" data-element_type=\"widget\" data-widget_type=\"text-editor.default\">\n\t\t\t\t\t\t\t\t\t<div class=\"elementor-element elementor-element-b8f14b3 elementor-widget elementor-widget-heading\" data-id=\"b8f14b3\" data-element_type=\"widget\" data-widget_type=\"heading.default\"><div class=\"elementor-widget-container\"><p class=\"elementor-heading-title elementor-size-default\"><strong><span style=\"color: #009473;\">Lr\u00eat \u00e0 transformer votre vision en r\u00e9alit\u00e9 ?<\/span><\/strong><\/p><\/div><\/div><div class=\"elementor-element elementor-element-d019969 elementor-widget elementor-widget-heading\" data-id=\"d019969\" data-element_type=\"widget\" data-widget_type=\"heading.default\"><div class=\"elementor-widget-container\"><h2 data-start=\"124\" data-end=\"209\">Donnez Vie \u00e0 Votre Projet avec <br \/>un Expert Certifi\u00e9<\/h2><p data-start=\"211\" data-end=\"487\">Discutez de votre projet avec un expert d\u00e9di\u00e9, b\u00e9n\u00e9ficiez d\u2019un accompagnement personnalis\u00e9 et recevez une analyse compl\u00e8te ainsi qu\u2019un devis clair et optimis\u00e9 sous 48h.<\/p><\/div><\/div>\t\t\t\t\t\t\t\t<\/div>\n\t\t\t\t<div class=\"elementor-element elementor-element-634fb81 bouton-bleu elementor-widget elementor-widget-button\" data-id=\"634fb81\" data-element_type=\"widget\" data-widget_type=\"button.default\">\n\t\t\t\t\t\t\t\t\t\t<a class=\"elementor-button elementor-button-link elementor-size-sm\" href=\"#\">\n\t\t\t\t\t\t<span class=\"elementor-button-content-wrapper\">\n\t\t\t\t\t\t\t\t\t<span class=\"elementor-button-text\">Contactez-nous d\u00e8s maintenant<\/span>\n\t\t\t\t\t<\/span>\n\t\t\t\t\t<\/a>\n\t\t\t\t\t\t\t\t<\/div>\n\t\t\t\t<\/div>\n\t\t<div class=\"elementor-element elementor-element-222014bd e-con-full e-flex e-con e-child\" data-id=\"222014bd\" data-element_type=\"container\">\n\t\t\t\t<div class=\"elementor-element elementor-element-1dbbede1 elementor-widget elementor-widget-image\" data-id=\"1dbbede1\" data-element_type=\"widget\" data-widget_type=\"image.default\">\n\t\t\t\t\t\t\t\t\t\t\t\t\t\t\t<img loading=\"lazy\" decoding=\"async\" width=\"300\" height=\"235\" src=\"https:\/\/mafatec.com\/preprod\/wp-content\/uploads\/2025\/12\/contact-mafatec-300x235.png\" class=\"attachment-medium size-medium wp-image-153\" alt=\"Contact MAFATEC\" srcset=\"https:\/\/mafatec.com\/preprod\/wp-content\/uploads\/2025\/12\/contact-mafatec-300x235.png 300w, https:\/\/mafatec.com\/preprod\/wp-content\/uploads\/2025\/12\/contact-mafatec-1024x803.png 1024w, https:\/\/mafatec.com\/preprod\/wp-content\/uploads\/2025\/12\/contact-mafatec-768x603.png 768w, https:\/\/mafatec.com\/preprod\/wp-content\/uploads\/2025\/12\/contact-mafatec-600x471.png 600w, https:\/\/mafatec.com\/preprod\/wp-content\/uploads\/2025\/12\/contact-mafatec.png 1188w\" sizes=\"(max-width: 300px) 100vw, 300px\" \/>\t\t\t\t\t\t\t\t\t\t\t\t\t\t\t<\/div>\n\t\t\t\t<\/div>\n\t\t\t\t\t<\/div>\n\t\t\t\t<\/div>\n\t\t\t\t<\/div>\n\t\t","protected":false},"excerpt":{"rendered":"<p>Expertise Photovolta\u00efque Haute Performance \u2013 Certifi\u00e9e RGE &amp; Qualifelec Transformez votre toiture en source d\u2019\u00e9nergie rentable et durable.Avec MAFATEC, b\u00e9n\u00e9ficiez d\u2019une installation solaire RGE cl\u00e9 en main, certifi\u00e9e, performante et pens\u00e9e pour r\u00e9duire durablement vos factures. Passer au photovolta\u00efque est un investissement strat\u00e9gique pour votre patrimoine. Chez MAFATEC, nous ne posons pas simplement des panneaux [&hellip;]<\/p>\n","protected":false},"author":1,"featured_media":0,"parent":0,"menu_order":0,"comment_status":"closed","ping_status":"closed","template":"","meta":{"footnotes":""},"class_list":["post-627","page","type-page","status-publish","hentry"],"jetpack_sharing_enabled":true,"_links":{"self":[{"href":"https:\/\/mafatec.com\/preprod\/wp-json\/wp\/v2\/pages\/627","targetHints":{"allow":["GET"]}}],"collection":[{"href":"https:\/\/mafatec.com\/preprod\/wp-json\/wp\/v2\/pages"}],"about":[{"href":"https:\/\/mafatec.com\/preprod\/wp-json\/wp\/v2\/types\/page"}],"author":[{"embeddable":true,"href":"https:\/\/mafatec.com\/preprod\/wp-json\/wp\/v2\/users\/1"}],"replies":[{"embeddable":true,"href":"https:\/\/mafatec.com\/preprod\/wp-json\/wp\/v2\/comments?post=627"}],"version-history":[{"count":61,"href":"https:\/\/mafatec.com\/preprod\/wp-json\/wp\/v2\/pages\/627\/revisions"}],"predecessor-version":[{"id":950,"href":"https:\/\/mafatec.com\/preprod\/wp-json\/wp\/v2\/pages\/627\/revisions\/950"}],"wp:attachment":[{"href":"https:\/\/mafatec.com\/preprod\/wp-json\/wp\/v2\/media?parent=627"}],"curies":[{"name":"wp","href":"https:\/\/api.w.org\/{rel}","templated":true}]}}